{"id":3329,"date":"2022-12-30T16:57:24","date_gmt":"2022-12-30T15:57:24","guid":{"rendered":"https:\/\/permascope.fr\/?page_id=3329"},"modified":"2022-12-30T16:57:24","modified_gmt":"2022-12-30T15:57:24","slug":"stage-dinitiation-a-la-permaculture-a-labeille-a-loreille","status":"publish","type":"page","link":"https:\/\/permascope.net\/index.php\/stage-dinitiation-a-la-permaculture-a-labeille-a-loreille\/","title":{"rendered":"Stage d&rsquo;initiation \u00e0 la Permaculture &#8211; \u00c0 l&rsquo;Abeille \u00e0 l&rsquo;oreille"},"content":{"rendered":"\r\n\r\n\r\n<figure class=\"wp-block-image size-large\"><img loading=\"lazy\" decoding=\"async\" class=\"aligncenter wp-image-3330 size-large\" src=\"https:\/\/permascope.net\/wp-content\/uploads\/2022\/12\/Flyer-abeille-v1-724x1024.png\" alt=\"\" width=\"724\" height=\"1024\" srcset=\"https:\/\/permascope.net\/wp-content\/uploads\/2022\/12\/Flyer-abeille-v1-724x1024.png 724w, https:\/\/permascope.net\/wp-content\/uploads\/2022\/12\/Flyer-abeille-v1-212x300.png 212w, https:\/\/permascope.net\/wp-content\/uploads\/2022\/12\/Flyer-abeille-v1-768x1086.png 768w, https:\/\/permascope.net\/wp-content\/uploads\/2022\/12\/Flyer-abeille-v1-1086x1536.png 1086w, https:\/\/permascope.net\/wp-content\/uploads\/2022\/12\/Flyer-abeille-v1-320x453.png 320w, https:\/\/permascope.net\/wp-content\/uploads\/2022\/12\/Flyer-abeille-v1-480x679.png 480w, https:\/\/permascope.net\/wp-content\/uploads\/2022\/12\/Flyer-abeille-v1-800x1132.png 800w, https:\/\/permascope.net\/wp-content\/uploads\/2022\/12\/Flyer-abeille-v1-1320x1867.png 1320w, https:\/\/permascope.net\/wp-content\/uploads\/2022\/12\/Flyer-abeille-v1.png 1414w\" sizes=\"auto, (max-width: 724px) 100vw, 724px\" \/><\/figure>\r\n\r\n\r\n\r\n<h2 class=\"wp-block-heading\">FORMATION : Permaculture, r\u00e9silience et autonomie<\/h2>\r\n\r\n\r\n\r\n<h3 class=\"wp-block-heading\">Initiation au design et fertilit\u00e9 des sols<\/h3>\r\n\r\n\r\n\r\n<h3 class=\"wp-block-heading\"><em>Du 31 Mars au 3 Avril\u00a0<\/em>2022 \u00e0 Boulc dans la Dr\u00f4me.<\/h3>\r\n\r\n\r\n\r\n<h4 class=\"wp-block-heading\"><em>Prix Libre &amp; Auto-gestion <\/em><\/h4>\r\n\r\n\r\n\r\n<p>Dans la vall\u00e9e de Boulc, un collectif s\u2019ouvre vers de nouveaux horizons permacoles et pr\u00e9pare sa descente \u00e9nerg\u00e9tique.<\/p>\r\n\r\n\r\n\r\n<p>Venez d\u00e9couvrir, dans ce lieu pr\u00e9alpin de 28 hectares, les bases de la permaculture, ses domaines et applications et vous initier \u00e0 la conception d\u2019un site ainsi que la gestion de la fertilit\u00e9 des sols.<\/p>\r\n\r\n\r\n\r\n<p><strong>Au programme: <\/strong><\/p>\r\n\r\n\r\n\r\n<ul class=\"wp-block-list\">\r\n<li>Historique rapide de la permaculture et descente \u00e9nerg\u00e9tique<\/li>\r\n<li>Int\u00e9r\u00eat de la permaculture: bien comprendre ses fondements.<\/li>\r\n<li>Les principes de conception (Mollison et Holmgren)<\/li>\r\n<li>M\u00e9thodologie de conception (OBREDIM)<\/li>\r\n<li>Les mod\u00e8les de la nature (patterns).<\/li>\r\n<li>Recenser et g\u00e9rer les flux<\/li>\r\n<li>Notions de p\u00e9dologie ( g\u00e9n\u00e9ralit\u00e9s, C\/N, formation d\u2019un sol, interface, Ph, etc\u2026)<\/li>\r\n<li>Vie du sol (le sol un \u00eatre vivant !)<\/li>\r\n<li>Savoir reconnaitre un sol ( texture et structure, test de s\u00e9dimentation et de percolation).<\/li>\r\n<li>Fertilit\u00e9 des sols: compost, vermi-compost, paillage, apports de Mati\u00e8re Organique, saisonnalit\u00e9, les EM (Micro-organismes efficaces)\u2026<\/li>\r\n<li>Des ateliers pratiques: au jardin (Pr\u00e9paration d\u2019un sol vivant) et en salle (Comprendre le principe de design en l\u2019exp\u00e9rimentant)<\/li>\r\n<li>Un peu de permaculture Humaine\u2026et de connexion \u00e0 la nature\u2026.<\/li>\r\n<li>Quelques surprises &#8230; !<\/li>\r\n<\/ul>\r\n\r\n\r\n\r\n<p><strong>Intervenants:<\/strong><\/p>\r\n\r\n\r\n\r\n<p><strong>Julien Gros,<\/strong>\u00a0fondateur de Permascope, dessinateur paysagiste, \u00e9tudiant DPA ( Diplome de Permaculture Appliqu\u00e9e), une dizaine d\u2019ann\u00e9es de participation \u00e0 des projets autour la permaculture, accompagnateur de collectifs et form\u00e9 en connection \u00e0 la nature (\u00a0<a href=\"http:\/\/8shields.org\/\"><strong>8 shields<\/strong><\/a>\u00a0et<strong>\u00a0<a href=\"https:\/\/www.complantes.com\/plantes\" target=\"_blank\" rel=\"noreferrer noopener\">Claude Lefevre<\/a><\/strong>) .<\/p>\r\n\r\n\r\n\r\n<p><strong>Ben Lautard<\/strong>, guide composteur, fondateur de\u00a0<a href=\"https:\/\/www.larecyclada.fr\/\" target=\"_blank\" rel=\"noreferrer noopener\"><strong>La Recyclada<\/strong><\/a>\u00a0et upcycleur. Apr\u00e8s un p\u00e8lerinage \u00e0 v\u00e9lo et \u00e0 pied et des exp\u00e9riences dans des lieux permacoles, je m\u2019int\u00e9resse aujourd\u2019hui \u00e0 transmettre mes valeurs et \u201cmon\u201d savoir \u00e0 travers le recyclage, le compostage et la permaculture au sens large.<\/p>\r\n\r\n\r\n\r\n<p>D\u00e9couvrez tout le programme et inscrivez-vous en cliquant <a href=\"https:\/\/permascope.net\/index.php\/programme-du-stage-permaculture-resilience-et-autonomie-boulk\/\">ici<\/a>.<\/p>\r\n\r\n\r\n\r\n<p>Une question ? Merci d&rsquo;envoyer un mail \u00e0 l&rsquo;adresse suivante :\u00a0<a href=\"mailto:permascope@gmail.com\">permascope@gmail.com<\/a><\/p>\r\n\r\n\r\n\r\n<p>A tr\u00e8s bient\u00f4t,<\/p>\r\n\r\n\r\n\r\n<p><em>Julien &amp; Ben, de l&rsquo;\u00e9quipe Permascope<\/em>.<\/p>\r\n\r\n\r\n\r\n<p>&nbsp;<\/p>\r\n","protected":false},"excerpt":{"rendered":"<p>FORMATION : Permaculture, r\u00e9silience et autonomie Initiation au design et fertilit\u00e9 des sols Du 31 Mars au 3 Avril\u00a02022 \u00e0 Boulc dans la Dr\u00f4me. Prix Libre &amp; Auto-gestion Dans la vall\u00e9e de Boulc, un collectif s\u2019ouvre vers de nouveaux horizons permacoles et pr\u00e9pare sa descente \u00e9nerg\u00e9tique. Venez d\u00e9couvrir, dans ce lieu pr\u00e9alpin de 28 hectares, [&hellip;]<\/p>\n","protected":false},"author":4,"featured_media":0,"parent":0,"menu_order":0,"comment_status":"closed","ping_status":"closed","template":"","meta":{"footnotes":""},"class_list":["post-3329","page","type-page","status-publish","hentry"],"yoast_head":"<!-- This site is optimized with the Yoast SEO plugin v24.0 - https:\/\/yoast.com\/wordpress\/plugins\/seo\/ -->\n<title>Stage d&#039;initiation \u00e0 la Permaculture - \u00c0 l&#039;Abeille \u00e0 l&#039;oreille - Permascope<\/title>\n<meta name=\"robots\" content=\"index, follow, max-snippet:-1, max-image-preview:large, max-video-preview:-1\" \/>\n<link rel=\"canonical\" href=\"https:\/\/permascope.net\/index.php\/stage-dinitiation-a-la-permaculture-a-labeille-a-loreille\/\" \/>\n<meta property=\"og:locale\" content=\"fr_FR\" \/>\n<meta property=\"og:type\" content=\"article\" \/>\n<meta property=\"og:title\" content=\"Stage d&#039;initiation \u00e0 la Permaculture - \u00c0 l&#039;Abeille \u00e0 l&#039;oreille - Permascope\" \/>\n<meta property=\"og:description\" content=\"FORMATION : Permaculture, r\u00e9silience et autonomie Initiation au design et fertilit\u00e9 des sols Du 31 Mars au 3 Avril\u00a02022 \u00e0 Boulc dans la Dr\u00f4me. Prix Libre &amp; Auto-gestion Dans la vall\u00e9e de Boulc, un collectif s\u2019ouvre vers de nouveaux horizons permacoles et pr\u00e9pare sa descente \u00e9nerg\u00e9tique. Venez d\u00e9couvrir, dans ce lieu pr\u00e9alpin de 28 hectares, [&hellip;]\" \/>\n<meta property=\"og:url\" content=\"https:\/\/permascope.net\/index.php\/stage-dinitiation-a-la-permaculture-a-labeille-a-loreille\/\" \/>\n<meta property=\"og:site_name\" content=\"Permascope\" \/>\n<meta property=\"og:image\" content=\"http:\/\/permascope.net\/wp-content\/uploads\/2022\/12\/Flyer-abeille-v1-724x1024.png\" \/>\n<meta name=\"twitter:card\" content=\"summary_large_image\" \/>\n<meta name=\"twitter:label1\" content=\"Dur\u00e9e de lecture estim\u00e9e\" \/>\n\t<meta name=\"twitter:data1\" content=\"2 minutes\" \/>\n<script type=\"application\/ld+json\" class=\"yoast-schema-graph\">{\"@context\":\"https:\/\/schema.org\",\"@graph\":[{\"@type\":\"WebPage\",\"@id\":\"https:\/\/permascope.net\/index.php\/stage-dinitiation-a-la-permaculture-a-labeille-a-loreille\/\",\"url\":\"https:\/\/permascope.net\/index.php\/stage-dinitiation-a-la-permaculture-a-labeille-a-loreille\/\",\"name\":\"Stage d'initiation \u00e0 la Permaculture - \u00c0 l'Abeille \u00e0 l'oreille - Permascope\",\"isPartOf\":{\"@id\":\"https:\/\/permascope.net\/#website\"},\"primaryImageOfPage\":{\"@id\":\"https:\/\/permascope.net\/index.php\/stage-dinitiation-a-la-permaculture-a-labeille-a-loreille\/#primaryimage\"},\"image\":{\"@id\":\"https:\/\/permascope.net\/index.php\/stage-dinitiation-a-la-permaculture-a-labeille-a-loreille\/#primaryimage\"},\"thumbnailUrl\":\"http:\/\/permascope.net\/wp-content\/uploads\/2022\/12\/Flyer-abeille-v1-724x1024.png\",\"datePublished\":\"2022-12-30T15:57:24+00:00\",\"dateModified\":\"2022-12-30T15:57:24+00:00\",\"breadcrumb\":{\"@id\":\"https:\/\/permascope.net\/index.php\/stage-dinitiation-a-la-permaculture-a-labeille-a-loreille\/#breadcrumb\"},\"inLanguage\":\"fr-FR\",\"potentialAction\":[{\"@type\":\"ReadAction\",\"target\":[\"https:\/\/permascope.net\/index.php\/stage-dinitiation-a-la-permaculture-a-labeille-a-loreille\/\"]}]},{\"@type\":\"ImageObject\",\"inLanguage\":\"fr-FR\",\"@id\":\"https:\/\/permascope.net\/index.php\/stage-dinitiation-a-la-permaculture-a-labeille-a-loreille\/#primaryimage\",\"url\":\"https:\/\/permascope.net\/wp-content\/uploads\/2022\/12\/Flyer-abeille-v1.png\",\"contentUrl\":\"https:\/\/permascope.net\/wp-content\/uploads\/2022\/12\/Flyer-abeille-v1.png\",\"width\":1414,\"height\":2000},{\"@type\":\"BreadcrumbList\",\"@id\":\"https:\/\/permascope.net\/index.php\/stage-dinitiation-a-la-permaculture-a-labeille-a-loreille\/#breadcrumb\",\"itemListElement\":[{\"@type\":\"ListItem\",\"position\":1,\"name\":\"Accueil\",\"item\":\"https:\/\/permascope.net\/\"},{\"@type\":\"ListItem\",\"position\":2,\"name\":\"Stage d&rsquo;initiation \u00e0 la Permaculture &#8211; \u00c0 l&rsquo;Abeille \u00e0 l&rsquo;oreille\"}]},{\"@type\":\"WebSite\",\"@id\":\"https:\/\/permascope.net\/#website\",\"url\":\"https:\/\/permascope.net\/\",\"name\":\"Permascope\",\"description\":\"la permaculture dans tous ses \u00e9tats\",\"publisher\":{\"@id\":\"https:\/\/permascope.net\/#organization\"},\"potentialAction\":[{\"@type\":\"SearchAction\",\"target\":{\"@type\":\"EntryPoint\",\"urlTemplate\":\"https:\/\/permascope.net\/?s={search_term_string}\"},\"query-input\":{\"@type\":\"PropertyValueSpecification\",\"valueRequired\":true,\"valueName\":\"search_term_string\"}}],\"inLanguage\":\"fr-FR\"},{\"@type\":\"Organization\",\"@id\":\"https:\/\/permascope.net\/#organization\",\"name\":\"Permascope\",\"url\":\"https:\/\/permascope.net\/\",\"logo\":{\"@type\":\"ImageObject\",\"inLanguage\":\"fr-FR\",\"@id\":\"https:\/\/permascope.net\/#\/schema\/logo\/image\/\",\"url\":\"https:\/\/permascope.net\/wp-content\/uploads\/2021\/02\/cropped-logo-site-big2.png\",\"contentUrl\":\"https:\/\/permascope.net\/wp-content\/uploads\/2021\/02\/cropped-logo-site-big2.png\",\"width\":240,\"height\":92,\"caption\":\"Permascope\"},\"image\":{\"@id\":\"https:\/\/permascope.net\/#\/schema\/logo\/image\/\"}}]}<\/script>\n<!-- \/ Yoast SEO plugin. -->","yoast_head_json":{"title":"Stage d'initiation \u00e0 la Permaculture - \u00c0 l'Abeille \u00e0 l'oreille - Permascope","robots":{"index":"index","follow":"follow","max-snippet":"max-snippet:-1","max-image-preview":"max-image-preview:large","max-video-preview":"max-video-preview:-1"},"canonical":"https:\/\/permascope.net\/index.php\/stage-dinitiation-a-la-permaculture-a-labeille-a-loreille\/","og_locale":"fr_FR","og_type":"article","og_title":"Stage d'initiation \u00e0 la Permaculture - \u00c0 l'Abeille \u00e0 l'oreille - Permascope","og_description":"FORMATION : Permaculture, r\u00e9silience et autonomie Initiation au design et fertilit\u00e9 des sols Du 31 Mars au 3 Avril\u00a02022 \u00e0 Boulc dans la Dr\u00f4me. Prix Libre &amp; Auto-gestion Dans la vall\u00e9e de Boulc, un collectif s\u2019ouvre vers de nouveaux horizons permacoles et pr\u00e9pare sa descente \u00e9nerg\u00e9tique. Venez d\u00e9couvrir, dans ce lieu pr\u00e9alpin de 28 hectares, [&hellip;]","og_url":"https:\/\/permascope.net\/index.php\/stage-dinitiation-a-la-permaculture-a-labeille-a-loreille\/","og_site_name":"Permascope","og_image":[{"url":"http:\/\/permascope.net\/wp-content\/uploads\/2022\/12\/Flyer-abeille-v1-724x1024.png","type":"","width":"","height":""}],"twitter_card":"summary_large_image","twitter_misc":{"Dur\u00e9e de lecture estim\u00e9e":"2 minutes"},"schema":{"@context":"https:\/\/schema.org","@graph":[{"@type":"WebPage","@id":"https:\/\/permascope.net\/index.php\/stage-dinitiation-a-la-permaculture-a-labeille-a-loreille\/","url":"https:\/\/permascope.net\/index.php\/stage-dinitiation-a-la-permaculture-a-labeille-a-loreille\/","name":"Stage d'initiation \u00e0 la Permaculture - \u00c0 l'Abeille \u00e0 l'oreille - Permascope","isPartOf":{"@id":"https:\/\/permascope.net\/#website"},"primaryImageOfPage":{"@id":"https:\/\/permascope.net\/index.php\/stage-dinitiation-a-la-permaculture-a-labeille-a-loreille\/#primaryimage"},"image":{"@id":"https:\/\/permascope.net\/index.php\/stage-dinitiation-a-la-permaculture-a-labeille-a-loreille\/#primaryimage"},"thumbnailUrl":"http:\/\/permascope.net\/wp-content\/uploads\/2022\/12\/Flyer-abeille-v1-724x1024.png","datePublished":"2022-12-30T15:57:24+00:00","dateModified":"2022-12-30T15:57:24+00:00","breadcrumb":{"@id":"https:\/\/permascope.net\/index.php\/stage-dinitiation-a-la-permaculture-a-labeille-a-loreille\/#breadcrumb"},"inLanguage":"fr-FR","potentialAction":[{"@type":"ReadAction","target":["https:\/\/permascope.net\/index.php\/stage-dinitiation-a-la-permaculture-a-labeille-a-loreille\/"]}]},{"@type":"ImageObject","inLanguage":"fr-FR","@id":"https:\/\/permascope.net\/index.php\/stage-dinitiation-a-la-permaculture-a-labeille-a-loreille\/#primaryimage","url":"https:\/\/permascope.net\/wp-content\/uploads\/2022\/12\/Flyer-abeille-v1.png","contentUrl":"https:\/\/permascope.net\/wp-content\/uploads\/2022\/12\/Flyer-abeille-v1.png","width":1414,"height":2000},{"@type":"BreadcrumbList","@id":"https:\/\/permascope.net\/index.php\/stage-dinitiation-a-la-permaculture-a-labeille-a-loreille\/#breadcrumb","itemListElement":[{"@type":"ListItem","position":1,"name":"Accueil","item":"https:\/\/permascope.net\/"},{"@type":"ListItem","position":2,"name":"Stage d&rsquo;initiation \u00e0 la Permaculture &#8211; \u00c0 l&rsquo;Abeille \u00e0 l&rsquo;oreille"}]},{"@type":"WebSite","@id":"https:\/\/permascope.net\/#website","url":"https:\/\/permascope.net\/","name":"Permascope","description":"la permaculture dans tous ses \u00e9tats","publisher":{"@id":"https:\/\/permascope.net\/#organization"},"potentialAction":[{"@type":"SearchAction","target":{"@type":"EntryPoint","urlTemplate":"https:\/\/permascope.net\/?s={search_term_string}"},"query-input":{"@type":"PropertyValueSpecification","valueRequired":true,"valueName":"search_term_string"}}],"inLanguage":"fr-FR"},{"@type":"Organization","@id":"https:\/\/permascope.net\/#organization","name":"Permascope","url":"https:\/\/permascope.net\/","logo":{"@type":"ImageObject","inLanguage":"fr-FR","@id":"https:\/\/permascope.net\/#\/schema\/logo\/image\/","url":"https:\/\/permascope.net\/wp-content\/uploads\/2021\/02\/cropped-logo-site-big2.png","contentUrl":"https:\/\/permascope.net\/wp-content\/uploads\/2021\/02\/cropped-logo-site-big2.png","width":240,"height":92,"caption":"Permascope"},"image":{"@id":"https:\/\/permascope.net\/#\/schema\/logo\/image\/"}}]}},"_links":{"self":[{"href":"https:\/\/permascope.net\/index.php\/wp-json\/wp\/v2\/pages\/3329","targetHints":{"allow":["GET"]}}],"collection":[{"href":"https:\/\/permascope.net\/index.php\/wp-json\/wp\/v2\/pages"}],"about":[{"href":"https:\/\/permascope.net\/index.php\/wp-json\/wp\/v2\/types\/page"}],"author":[{"embeddable":true,"href":"https:\/\/permascope.net\/index.php\/wp-json\/wp\/v2\/users\/4"}],"replies":[{"embeddable":true,"href":"https:\/\/permascope.net\/index.php\/wp-json\/wp\/v2\/comments?post=3329"}],"version-history":[{"count":1,"href":"https:\/\/permascope.net\/index.php\/wp-json\/wp\/v2\/pages\/3329\/revisions"}],"predecessor-version":[{"id":3346,"href":"https:\/\/permascope.net\/index.php\/wp-json\/wp\/v2\/pages\/3329\/revisions\/3346"}],"wp:attachment":[{"href":"https:\/\/permascope.net\/index.php\/wp-json\/wp\/v2\/media?parent=3329"}],"curies":[{"name":"wp","href":"https:\/\/api.w.org\/{rel}","templated":true}]}}